{"id":29,"date":"2018-07-27T11:14:33","date_gmt":"2018-07-27T09:14:33","guid":{"rendered":"http:\/\/www.bikedesign.de\/bikedesign-iserlohn\/?page_id=29"},"modified":"2020-11-19T15:40:59","modified_gmt":"2020-11-19T14:40:59","slug":"kontaktformular","status":"publish","type":"page","link":"https:\/\/www.bikedesign.de\/bikedesign-iserlohn\/kontaktformular\/","title":{"rendered":"Uploads"},"content":{"rendered":"\t\t<div data-elementor-type=\"wp-page\" data-elementor-id=\"29\" class=\"elementor elementor-29\">\n\t\t\t\t\t\t<div class=\"elementor-inner\">\n\t\t\t\t<div class=\"elementor-section-wrap\">\n\t\t\t\t\t\t\t\t\t<section class=\"elementor-section elementor-top-section elementor-element elementor-element-2d93bd5 elementor-section-boxed elementor-section-height-default elementor-section-height-default\" data-id=\"2d93bd5\" data-element_type=\"section\">\n\t\t\t\t\t\t<div class=\"elementor-container elementor-column-gap-default\">\n\t\t\t\t\t\t\t<div class=\"elementor-row\">\n\t\t\t\t\t<div class=\"elementor-column elementor-col-100 elementor-top-column elementor-element elementor-element-3e5c404\" data-id=\"3e5c404\" data-element_type=\"column\">\n\t\t\t<div class=\"elementor-column-wrap elementor-element-populated\">\n\t\t\t\t\t\t\t<div class=\"elementor-widget-wrap\">\n\t\t\t\t\t\t<section class=\"elementor-section elementor-inner-section elementor-element elementor-element-ade7474 elementor-section-boxed elementor-section-height-default elementor-section-height-default\" data-id=\"ade7474\" data-element_type=\"section\">\n\t\t\t\t\t\t<div class=\"elementor-container elementor-column-gap-default\">\n\t\t\t\t\t\t\t<div class=\"elementor-row\">\n\t\t\t\t\t<div class=\"elementor-column elementor-col-50 elementor-inner-column elementor-element elementor-element-897c51a\" data-id=\"897c51a\" data-element_type=\"column\">\n\t\t\t<div class=\"elementor-column-wrap elementor-element-populated\">\n\t\t\t\t\t\t\t<div class=\"elementor-widget-wrap\">\n\t\t\t\t\t\t<div class=\"elementor-element elementor-element-2f9382d elementor-widget elementor-widget-image\" data-id=\"2f9382d\" data-element_type=\"widget\" data-widget_type=\"image.default\">\n\t\t\t\t<div class=\"elementor-widget-container\">\n\t\t\t\t\t\t\t\t<div class=\"elementor-image\">\n\t\t\t\t\t\t\t\t\t\t\t\t<img decoding=\"async\" width=\"525\" height=\"350\" src=\"https:\/\/www.bikedesign.de\/bikedesign-iserlohn\/wp-content\/uploads\/2020\/11\/schloss-castle-5107827_1920-pixabay-1024x683.jpg\" class=\"attachment-large size-large wp-image-505\" alt=\"\" loading=\"lazy\" srcset=\"https:\/\/www.bikedesign.de\/bikedesign-iserlohn\/wp-content\/uploads\/2020\/11\/schloss-castle-5107827_1920-pixabay-1024x683.jpg 1024w, https:\/\/www.bikedesign.de\/bikedesign-iserlohn\/wp-content\/uploads\/2020\/11\/schloss-castle-5107827_1920-pixabay-300x200.jpg 300w, https:\/\/www.bikedesign.de\/bikedesign-iserlohn\/wp-content\/uploads\/2020\/11\/schloss-castle-5107827_1920-pixabay-768x512.jpg 768w, https:\/\/www.bikedesign.de\/bikedesign-iserlohn\/wp-content\/uploads\/2020\/11\/schloss-castle-5107827_1920-pixabay-1536x1024.jpg 1536w, https:\/\/www.bikedesign.de\/bikedesign-iserlohn\/wp-content\/uploads\/2020\/11\/schloss-castle-5107827_1920-pixabay.jpg 1920w\" sizes=\"100vw\" \/>\t\t\t\t\t\t\t\t\t\t\t\t\t\t<\/div>\n\t\t\t\t\t\t<\/div>\n\t\t\t\t<\/div>\n\t\t\t\t\t\t<\/div>\n\t\t\t\t\t<\/div>\n\t\t<\/div>\n\t\t\t\t<div class=\"elementor-column elementor-col-50 elementor-inner-column elementor-element elementor-element-3fc2500\" data-id=\"3fc2500\" data-element_type=\"column\">\n\t\t\t<div class=\"elementor-column-wrap elementor-element-populated\">\n\t\t\t\t\t\t\t<div class=\"elementor-widget-wrap\">\n\t\t\t\t\t\t<div class=\"elementor-element elementor-element-e5ffcdc elementor-widget elementor-widget-text-editor\" data-id=\"e5ffcdc\" data-element_type=\"widget\" data-widget_type=\"text-editor.default\">\n\t\t\t\t<div class=\"elementor-widget-container\">\n\t\t\t\t\t\t\t\t<div class=\"elementor-text-editor elementor-clearfix\">\n\t\t\t\t<p>Uploads sind nur f\u00fcr<br \/>registrierte Kunden m\u00f6glich.<\/p><p>Bitte \u00fcber unser <a href=\"http:\/\/www.bikedesign.de\/bikedesign-iserlohn\/kontakt\/\">Kontaktformular<\/a>\u00a0p<span style=\"font-size: 1rem;\">assword und login erfragen.<\/span><\/p>\t\t\t\t\t<\/div>\n\t\t\t\t\t\t<\/div>\n\t\t\t\t<\/div>\n\t\t\t\t\t\t<\/div>\n\t\t\t\t\t<\/div>\n\t\t<\/div>\n\t\t\t\t\t\t\t\t<\/div>\n\t\t\t\t\t<\/div>\n\t\t<\/section>\n\t\t\t\t\t\t<\/div>\n\t\t\t\t\t<\/div>\n\t\t<\/div>\n\t\t\t\t\t\t\t\t<\/div>\n\t\t\t\t\t<\/div>\n\t\t<\/section>\n\t\t\t\t\t\t\t\t\t<\/div>\n\t\t\t<\/div>\n\t\t\t\t\t<\/div>\n\t\t","protected":false},"excerpt":{"rendered":"<p>Uploads sind nur f\u00fcr registrierte Kunden m\u00f6glich. Bitte \u00fcber unser Kontaktformular&nbsp;password und login erfragen.<\/p>\n","protected":false},"author":1,"featured_media":0,"parent":0,"menu_order":0,"comment_status":"closed","ping_status":"closed","template":"","meta":[],"_links":{"self":[{"href":"https:\/\/www.bikedesign.de\/bikedesign-iserlohn\/wp-json\/wp\/v2\/pages\/29"}],"collection":[{"href":"https:\/\/www.bikedesign.de\/bikedesign-iserlohn\/wp-json\/wp\/v2\/pages"}],"about":[{"href":"https:\/\/www.bikedesign.de\/bikedesign-iserlohn\/wp-json\/wp\/v2\/types\/page"}],"author":[{"embeddable":true,"href":"https:\/\/www.bikedesign.de\/bikedesign-iserlohn\/wp-json\/wp\/v2\/users\/1"}],"replies":[{"embeddable":true,"href":"https:\/\/www.bikedesign.de\/bikedesign-iserlohn\/wp-json\/wp\/v2\/comments?post=29"}],"version-history":[{"count":8,"href":"https:\/\/www.bikedesign.de\/bikedesign-iserlohn\/wp-json\/wp\/v2\/pages\/29\/revisions"}],"predecessor-version":[{"id":510,"href":"https:\/\/www.bikedesign.de\/bikedesign-iserlohn\/wp-json\/wp\/v2\/pages\/29\/revisions\/510"}],"wp:attachment":[{"href":"https:\/\/www.bikedesign.de\/bikedesign-iserlohn\/wp-json\/wp\/v2\/media?parent=29"}],"curies":[{"name":"wp","href":"https:\/\/api.w.org\/{rel}","templated":true}]}}